+ 21*t - 27. Let q be m(18). Suppose d - q = -c. What are the prime factors of d?
13
Let q(u) = u**2 + u + 331. List the prime factors of q(0).
331
Suppose 31*n = -13774 + 41426. What are the prime factors of n?
2, 223
Suppose -12*j = -9*j - 3*x - 4350, -x = -2*j + 2897. What are the prime factors of j?
1447
Let y(p) = -p**3 - 22*p**2 - 19*p - 233. What are the prime factors of y(-23)?
733
Let i(z) = 3*z - 14. Let x be i(6). Suppose 0 = 5*s - 14 - 6, 2*b = -x*s + 110. What are the prime factors of b?
47
Let r = -14 - -14. Suppose 7*y - 13 - 176 = r. What are the prime factors of y?
3
Let a = 79 + -163. Let w = a - -159. List the prime factors of w.
3, 5
Let h(a) be the third derivative of -a**4/8 + 5*a**3/3 + 2*a**2. Let o = -126 + 120. What are the prime factors of h(o)?
2, 7
Suppose 11*c - 7 + 18 = 0. Let m(o) = -2*o**3 - 2*o**2 + o - 1. Let s be m(-2). Let g = c + s. List the prime factors of g.
2
Suppose -38*c + 31*c = -2373. What are the prime factors of c?
3, 113
Let v = -769 + 889. What are the prime factors of v?
2, 3, 5
List the prime factors of 24/6 + 5330 + 22.
2, 13, 103
Let v = -48 - -210. Let k = -82 + v. What are the prime factors of k?
2, 5
Suppose 0 = -y + 3 - 0. Suppose 6*c - 27 = y*c. List the prime factors of c.
3
Let f(a) be the third derivative of a**6/120 - a**5/60 + a**4/24 - a**3/2 + 3*a**2. Let i be f(3). Suppose 27 = 5*j - i. What are the prime factors of j?
3
What are the prime factors of -2*((-20)/8)/5 - -2868?
19, 151
Suppose 444367 = 195*c - 118*c. List the prime factors of c.
29, 199
Let z(s) = 14*s**2 + 35*s + 287. What are the prime factors of z(-15)?
2, 7, 13
What are the prime factors of (3 + 3432/(-30))/(1/(-5))?
557
Suppose 0 = -3*g - 3*a + 630, 18*a - 15*a - 206 = -g. What are the prime factors of g?
2, 53
Let b = -14 + 11. Let r be -1 + 3 - (b - -3). Suppose -53 = -4*d + 3*y, -2*y - 40 = -d - r*d. What are the prime factors of d?
2, 7
Let v(t) = t + 2. Let p be v(-4). Let s be (-58)/(p*(-3)/(-3)). Suppose s = 8*j - 19. What are the prime factors of j?
2, 3
Suppose 67*z - 71*z = -3*h - 3778, -4*h = -2*z + 1894. List the prime factors of z.
23, 41
Let y(r) = -208*r - 87. List the prime factors of y(-4).
5, 149
Let x = 163 - 65. Suppose s - x = -s. What are the prime factors of s?
7
Suppose -4*n = 24 - 624. Let r be 8680/n - (-2)/15. Let l = 91 - r. What are the prime factors of l?
3, 11
Suppose -2*v + 4*o = -774 - 278, 4*o + 2116 = 4*v. What are the prime factors of v?
2, 7, 19
Suppose -1791 = -4*h + 241. List the prime factors of h.
2, 127
Suppose 4*q - 3*p = 154, 90 = 4*q + 3*p - 76. Let m be (-1 + 0 - 11) + -3. Let x = m + q. What are the prime factors of x?
5
Let x = 6 + -6. Let w(d) = -7*d**3 + 2*d**2 - 7*d + 21. Let b(l) = 4*l**3 - l**2 + 4*l - 10. Let s(n) = 5*b(n) + 3*w(n). What are the prime factors of s(x)?
13
Let i(l) = -10*l - 66. What are the prime factors of i(-7)?
2
Suppose 0 = -t - 5*t + 834. What are the prime factors of t?
139
Let i(f) = f**3 + 12*f**2 + 10*f + 7. Let r be i(-11). Let s = -11 + r. Suppose s*k - 64 = 3*k. What are the prime factors of k?
2
Suppose -3*z - 2*u = -37 + 6, 18 = 4*z - 2*u. Suppose z*j = 8*j - 83. What are the prime factors of j?
83
Let v be 259/(-28) + 2/8. Let n = 11 + v. Suppose 4*c + 2 = -n*p, -3*p + 30 = -4*c - 17. List the prime factors of p.
3
Suppose -4*p - 4*k + 96 = 0, -p + 2*k = 2 - 11. Suppose 5*w = 3*s + 145, -4*w + p = 5*s - 60. List the prime factors of w.
2, 13
Suppose 0 = -5*h, 3*h - h = 5*a - 2865. Let k = a + -330. What are the prime factors of k?
3
Let p be (-318)/(-66) - (-2)/11. Suppose p*y = 4*y + 6. What are the prime factors of (y/(-9))/((-4)/420)?
2, 5, 7
Suppose 0*x - 34 = -x. Let r = x - 19. List the prime factors of 9/12 + r/12.
2
Let o = 21 + -12. Let i be (-4)/6 - (-96)/o. Suppose 10 = 2*h - i. List the prime factors of h.
2, 5
Let a be (6/21 - 5206/(-7)) + 0. Suppose 0 = 3*j - 11*j + a. What are the prime factors of j?
3, 31
Let a(v) = v**3 + v**2 - v - 45. Let z be a(0). Let u be (2/3)/((-6)/z). Suppose -u*j + 2 = d - 12, -5*j = 5*d - 10. List the prime factors of j.
3
Let b = 26 - 18. Suppose -5*o + 3*j = -15, -2*o = 4*j + b - 40. Suppose -o*x + 100 = -x. What are the prime factors of x?
2, 5
Suppose -5*x - 6 = -2*x + 3*t, 4*x + 3*t + 11 = 0. What are the prime factors of x + 11 + (-8)/(-2)?
2, 5
Suppose -3*s + 559 = z - 5*s, -3*z + 1680 = -3*s. What are the prime factors of z?
3, 11, 17
Suppose 0*x = -5*c - 2*x - 16, 0 = -5*c + 4*x - 28. List the prime factors of -2 + (17 + -3 - c).
2
Let w = 22 - 17. Suppose -3*q = w*g - 23, 2*g + 0*g + 2*q = 10. Suppose g*u = 72 + 40. What are the prime factors of u?
2, 7
Let k(d) = 7*d**2 - 2*d - 2. Let c be k(2). Let g = c - 34. List the prime factors of (-26)/(-4) - (-6)/g.
2, 3
Let b(k) = -46*k**3 + 5*k**2 + 21*k + 15. Let v(c) = -9*c**3 + c**2 + 4*c + 3. Let f(o) = -2*b(o) + 11*v(o). What are the prime factors of f(-2)?
59
Let s(p) = -44*p**2 - 2*p - 3. Let z be s(2). Let t = z + 258. What are the prime factors of t?
3, 5
Suppose 46 = z + 3*t - 2*t, 2*t = -4*z + 180. Let a = 46 - 67. Let k = a + z. What are the prime factors of k?
23
Suppose -7*y + 14400 = 33*y. List the prime factors of y.
2, 3, 5
Let n(q) = -4*q - 31. Let t be n(-9). Suppose 0 = 5*a + 5*w - 760, 3*a - t*w - 480 = -0*a. List the prime factors of a.
5, 31
Let v = -234 + 271. What are the prime factors of v?
37
Suppose -2*s = v - 21, -5*v + 4*s + 33 = -2*v. Let y(f) = 7*f - 24. List the prime factors of y(v).
3
Let k(t) = 311*t - 20. What are the prime factors of k(2)?
2, 7, 43
Suppose 103 = g - 3*h, 9*h - 135 = -g + 4*h. List the prime factors of g.
5, 23
Suppose 21*r - 15973 = 8387. What are the prime factors of r?
2, 5, 29
Let p be 2/6 - 102/9. Let x be (2 - 6)/((-2)/p). What are the prime factors of 2/4 + (-495)/x?
23
Let q(g) = 8*g**2 - 5. Let o be 2/(6/11) + (-35)/(-105). List the prime factors of q(o).
3, 41
Suppose 3*s - 4*s = 19. Let k = s + 22. Suppose a = -4*z + 32, 81 = k*a - 0*a - 3*z. What are the prime factors of a?
2, 7
Let i = -75 + 78. Suppose 409 - 208 = i*s. List the prime factors of s.
67
Suppose 0 = h - 3*h + 50. Let m be (20/h)/(1/5). Suppose m*u - 3*u = 10. List the prime factors of u.
2, 5
Let b(a) = -21*a + 1. Let l be b(-14). Suppose 5*w = -2*g + 112, 10*g - l = 5*g - 5*w. Let k = 91 - g. What are the prime factors of k?
2, 3, 5
Let n = 31 - 40. Let c(o) = -10*o - 9. Let a be c(n). Suppose 5*y = 4*h + a, -29 = -2*y + 5*h - 0*h. List the prime factors of y.
17
Let k(w) = 5*w - 26. Let x be k(6). Suppose 2*z - 2*d - 142 = 0, z + 225 = x*z + 3*d. List the prime factors of z.
73
Let p(o) = 0*o + 3*o + o + 2*o**2 - 6 + 6*o. List the prime factors of p(-8).
2, 3, 7
Let s be (-43)/(-4) + (-72)/96. Suppose -58 = -2*v - 2*t, v - 43 = -5*t - s. What are the prime factors of v?
2, 7
Suppose v + 3*s = -5, -2*s = 2*v + 2*v - 30. Let l(t) = 2*t + 19. What are the prime factors of l(v)?
3, 13
Let z(y) = 36*y - 7. Let v be z(4). Suppose 37 + v = 3*m. List the prime factors of m.
2, 29
Let z(c) = -c**3 - 11*c**2 + 2*c + 16. Let h be z(-11). Let r be (-2)/h + 56/21. List the prime factors of (-3)/3 + 29 - r.
5
Let a = -17 - -19. Suppose -12 = -3*i + a*b, -b + 1 - 4 = 0. Suppose i*h - 38 = h. List the prime factors of h.
2, 19
Let k(f) = -f**3 + 4*f**2 - f + 4. Let s be k(4). Let m be s + -1 + -1 - 2. List the prime factors of ((-4)/6)/(m/114).
19
Suppose -4*k = -2*h - 1402, 4*k = -4*h + 241 + 1191. Let l = -209 + k. What are the prime factors of l?
2, 3
Let q(r) = 3*r**2 - 13*r - 87. What are the prime factors of q(19)?
7, 107
What are the prime factors of (-21)/6*(-9500)/35?
2, 5, 19
Let c = 523 + -217. List the prime factors of c.
2, 3, 17
Let u be (40/(-14))/(8/(-28)). Let d = -4 + u. List the prime factors of -9*(-2 + (-8)/d).
2, 3, 5
Let n(b) = 9 - 28 + 21*b - 59*b. List the prime factors of n(-3).
5, 19
Let o(t) = t**2 + 5*t. Let y be o(-5). Let r = 8 + y. List the prime factors of ((-92)/(-8))/(2/r).
2, 23
Let b = 97 + -93. Suppose -744 = -b*j - 36. What are the prime factors of j?
3, 59
Let s be ((-3)/(-2))/((-24)/(-2528)). Let b = 224 - s. List the prime factors of b.
2, 3, 11
Let y(i) = 19*i**2 + 29*i - 45. What are the prime factors of y(10)?
3, 5, 11, 13
Let g(k) = 858*k**2 + 3*k + 1. What are th